{"id":3952,"date":"2026-03-14T14:16:36","date_gmt":"2026-03-14T13:16:36","guid":{"rendered":"https:\/\/privatcafe.sk\/?page_id=3952"},"modified":"2026-03-14T14:33:36","modified_gmt":"2026-03-14T13:33:36","slug":"aktualitasok","status":"publish","type":"page","link":"https:\/\/privatcafe.sk\/sk\/aktualitasok\/","title":{"rendered":"Aktuality"},"content":{"rendered":"<div class=\"wp-block-columns is-layout-flex wp-container-core-columns-is-layout-28f84493 wp-block-columns-is-layout-flex\">\n<div class=\"wp-block-column is-layout-flow wp-block-column-is-layout-flow\"><\/div>\n\n\n\n<div class=\"wp-block-column is-layout-flow wp-block-column-is-layout-flow\"><\/div>\n<\/div>\n\n\n\n<p><\/p>\n\n\n\n<p><\/p>\n\n\n\n<p><\/p>\n\n\n\n<p><\/p>\n\n\n\n<p>Szeretn\u00e9 els\u0151k\u00e9nt megtudni legfrissebb h\u00edreinket, esem\u00e9nyeinket \u00e9s aj\u00e1nlatainkat? <\/p>\n\n\n\n<p>K\u00f6vessen minket a <a href=\"https:\/\/www.facebook.com\/privatcafe.sk\/\" data-type=\"link\" data-id=\"https:\/\/www.facebook.com\/privatcafe.sk\/\">Facebook oldalunkon<\/a>, ahol rendszeresen megosztjuk aktu\u00e1lis programjainkat,  k\u00fcl\u00f6nleges men\u00fcaj\u00e1nlatainkat \u00e9s a Privat Caf\u00e9 &amp; Restaurant mindennapjainak pillanatait.<\/p>\n\n\n\n<ul class=\"wp-block-social-links has-large-icon-size is-layout-flex wp-block-social-links-is-layout-flex\"><\/ul>\n\n\n\n<div class=\"wp-block-uagb-social-share uagb-social-share__outer-wrap uagb-social-share__layout-horizontal uagb-block-d35ee45b\"><\/div>\n\n\n\n<p><\/p>","protected":false},"excerpt":{"rendered":"<p>Szeretn\u00e9 els\u0151k\u00e9nt megtudni legfrissebb h\u00edreinket, esem\u00e9nyeinket \u00e9s aj\u00e1nlatainkat? K\u00f6vessen minket a Facebook oldalunkon, ahol rendszeresen megosztjuk aktu\u00e1lis programjainkat, k\u00fcl\u00f6nleges men\u00fcaj\u00e1nlatainkat \u00e9s a Privat Caf\u00e9 &amp; Restaurant mindennapjainak pillanatait.<\/p>","protected":false},"author":1,"featured_media":0,"parent":0,"menu_order":0,"comment_status":"closed","ping_status":"closed","template":"","meta":{"_uag_custom_page_level_css":"","footnotes":""},"class_list":["post-3952","page","type-page","status-publish","hentry"],"uagb_featured_image_src":{"full":false,"thumbnail":false,"medium":false,"medium_large":false,"large":false,"1536x1536":false,"2048x2048":false,"trp-custom-language-flag":false,"sow-carousel-default":false},"uagb_author_info":{"display_name":"privatcafe_admin","author_link":"https:\/\/privatcafe.sk\/sk\/author\/privatcafe_admin\/"},"uagb_comment_info":0,"uagb_excerpt":"Szeretn\u00e9 els\u0151k\u00e9nt megtudni legfrissebb h\u00edreinket, esem\u00e9nyeinket \u00e9s aj\u00e1nlatainkat? K\u00f6vessen minket a Facebook oldalunkon, ahol rendszeresen megosztjuk aktu\u00e1lis programjainkat, k\u00fcl\u00f6nleges men\u00fcaj\u00e1nlatainkat \u00e9s a Privat Caf\u00e9 &amp; Restaurant mindennapjainak pillanatait.","_links":{"self":[{"href":"https:\/\/privatcafe.sk\/sk\/wp-json\/wp\/v2\/pages\/3952","targetHints":{"allow":["GET"]}}],"collection":[{"href":"https:\/\/privatcafe.sk\/sk\/wp-json\/wp\/v2\/pages"}],"about":[{"href":"https:\/\/privatcafe.sk\/sk\/wp-json\/wp\/v2\/types\/page"}],"author":[{"embeddable":true,"href":"https:\/\/privatcafe.sk\/sk\/wp-json\/wp\/v2\/users\/1"}],"replies":[{"embeddable":true,"href":"https:\/\/privatcafe.sk\/sk\/wp-json\/wp\/v2\/comments?post=3952"}],"version-history":[{"count":4,"href":"https:\/\/privatcafe.sk\/sk\/wp-json\/wp\/v2\/pages\/3952\/revisions"}],"predecessor-version":[{"id":3957,"href":"https:\/\/privatcafe.sk\/sk\/wp-json\/wp\/v2\/pages\/3952\/revisions\/3957"}],"wp:attachment":[{"href":"https:\/\/privatcafe.sk\/sk\/wp-json\/wp\/v2\/media?parent=3952"}],"curies":[{"name":"wp","href":"https:\/\/api.w.org\/{rel}","templated":true}]}}

<div class="wp-block-columns is-layout-flex wp-container-core-columns-is-layout-28f84493 wp-block-columns-is-layout-flex">
<div class="wp-block-column is-layout-flow wp-block-column-is-layout-flow"></div>



<div class="wp-block-column is-layout-flow wp-block-column-is-layout-flow"></div>
</div>



<p></p>



<p></p>



<p></p>



<p></p>



<p>Szeretné elsőként megtudni legfrissebb híreinket, eseményeinket és ajánlatainkat? </p>



<p>Kövessen minket a <a href="https://www.facebook.com/privatcafe.sk/" data-type="link" data-id="https://www.facebook.com/privatcafe.sk/">Facebook oldalunkon</a>, ahol rendszeresen megosztjuk aktuális programjainkat,  különleges menüajánlatainkat és a Privat Café &amp; Restaurant mindennapjainak pillanatait.</p>



<ul class="wp-block-social-links has-large-icon-size is-layout-flex wp-block-social-links-is-layout-flex"></ul>



<div class="wp-block-uagb-social-share uagb-social-share__outer-wrap uagb-social-share__layout-horizontal uagb-block-d35ee45b"></div>



<p></p>

<p>Szeretné elsőként megtudni legfrissebb híreinket, eseményeinket és ajánlatainkat? Kövessen minket a Facebook oldalunkon, ahol rendszeresen megosztjuk aktuális programjainkat, különleges menüajánlatainkat és a Privat Café &amp; Restaurant mindennapjainak pillanatait.</p>

Szeretné elsőként megtudni legfrissebb híreinket, eseményeinket és ajánlatainkat? Kövessen minket a Facebook oldalunkon, ahol rendszeresen megosztjuk aktuális programjainkat, különleges menüajánlatainkat és a Privat Café &amp; Restaurant mindennapjainak pillanatait.
